{"id":162,"date":"2023-02-28T11:38:07","date_gmt":"2023-02-28T11:38:07","guid":{"rendered":"https:\/\/www.pflastermobil.de\/?page_id=162"},"modified":"2025-09-01T16:48:59","modified_gmt":"2025-09-01T16:48:59","slug":"presse-pflastermobil","status":"publish","type":"page","link":"https:\/\/www.pflastermobil.de\/?page_id=162","title":{"rendered":"Presse-Pflastermobil"},"content":{"rendered":"<p>[et_pb_section fb_built=&#8220;1&#8243; _builder_version=&#8220;4.19.4&#8243; _module_preset=&#8220;default&#8220; custom_padding=&#8220;20px||26px|||&#8220; global_colors_info=&#8220;{}&#8220;][et_pb_row _builder_version=&#8220;4.19.4&#8243; _module_preset=&#8220;default&#8220; custom_padding=&#8220;14px|||||&#8220; global_colors_info=&#8220;{}&#8220;][et_pb_column type=&#8220;4_4&#8243; _builder_version=&#8220;4.19.4&#8243; _module_preset=&#8220;default&#8220; global_colors_info=&#8220;{}&#8220;][et_pb_divider _builder_version=&#8220;4.27.0&#8243; _module_preset=&#8220;default&#8220; hover_enabled=&#8220;0&#8243; global_colors_info=&#8220;{}&#8220; sticky_enabled=&#8220;0&#8243;][\/et_pb_divider][et_pb_divider _builder_version=&#8220;4.19.4&#8243; _module_preset=&#8220;default&#8220; global_colors_info=&#8220;{}&#8220;][\/et_pb_divider][et_pb_audio title=&#8220;Radiobericht Pflastermobil&#8220; artist_name=&#8220;Radio 90.1&#8243; _builder_version=&#8220;4.27.0&#8243; _module_preset=&#8220;default&#8220; title_text=&#8220;Mitschnitt Pfastermobil 1&#8243; audio=&#8220;https:\/\/www.pflastermobil.de\/wp-content\/uploads\/2025\/09\/Mitschnitt_Pfastermobil_1.mp3&#8243; hover_enabled=&#8220;0&#8243; sticky_enabled=&#8220;0&#8243;][\/et_pb_audio][et_pb_audio title=&#8220;Radiobericht Pflastermobil 2&#8243; artist_name=&#8220;Radio 90.1&#8243; _builder_version=&#8220;4.27.0&#8243; _module_preset=&#8220;default&#8220; title_text=&#8220;Mitschnitt Pflastermobil 2&#8243; audio=&#8220;https:\/\/www.pflastermobil.de\/wp-content\/uploads\/2025\/09\/Mitschnitt_Pflastermobil_2.mp3&#8243; hover_enabled=&#8220;0&#8243; sticky_enabled=&#8220;0&#8243;][\/et_pb_audio][et_pb_text _builder_version=&#8220;4.27.0&#8243; _module_preset=&#8220;default&#8220; hover_enabled=&#8220;0&#8243; global_colors_info=&#8220;{}&#8220; sticky_enabled=&#8220;0&#8243;]<\/p>\n<p>Meldung in der Rheinischen Post &#8211; 27.07.2025<\/p>\n<p style=\"margin-bottom: 0.35cm;\"><a href=\"https:\/\/www.pflastermobil.de\/wp-content\/uploads\/2025\/09\/meldung-27.07.2025.jpg\" target=\"_blank\" rel=\"noopener\">Download<\/a><\/p>\n<p>[\/et_pb_text][et_pb_text _builder_version=&#8220;4.19.4&#8243; _module_preset=&#8220;default&#8220; global_colors_info=&#8220;{}&#8220;]<\/p>\n<p>Meldung in der Rheinischen Post &#8211; 6.12.2023<\/p>\n<p style=\"margin-bottom: 0.35cm;\"><a href=\"https:\/\/www.pflastermobil.de\/rp-20231208.jpg\" target=\"_blank\" rel=\"noopener\">Download<\/a><\/p>\n<p>[\/et_pb_text][et_pb_divider color=&#8220;#8F8F8F&#8220; _builder_version=&#8220;4.19.4&#8243; _module_preset=&#8220;default&#8220; locked=&#8220;off&#8220; global_colors_info=&#8220;{}&#8220;][\/et_pb_divider][et_pb_text _builder_version=&#8220;4.19.4&#8243; _module_preset=&#8220;default&#8220; custom_padding=&#8220;||0px|||&#8220; global_colors_info=&#8220;{}&#8220;]<\/p>\n<p><span>WDR 5 Westblick | <span class=\"mediaDate\">18.07.2023<\/span><span class=\"hidden\"><\/span>\u00a0<\/span><\/p>\n<p>[\/et_pb_text][et_pb_audio audio=&#8220;https:\/\/www.pflastermobil.de\/wp-content\/uploads\/2023\/08\/wdr5westblickaktuell_2023-07-18_pflastermobilverarztetobdachlose_wdr5.mp3&#8243; title=&#8220;%22Pflastermobil%22 verarztet Obdachlose&#8220; artist_name=&#8220;WDR 5 Westblick &#8220; _builder_version=&#8220;4.19.4&#8243; _module_preset=&#8220;default&#8220; hover_enabled=&#8220;0&#8243; global_colors_info=&#8220;{}&#8220; sticky_enabled=&#8220;0&#8243;][\/et_pb_audio][et_pb_divider color=&#8220;#8F8F8F&#8220; _builder_version=&#8220;4.19.4&#8243; _module_preset=&#8220;default&#8220; global_colors_info=&#8220;{}&#8220;][\/et_pb_divider][et_pb_text _builder_version=&#8220;4.19.4&#8243; _module_preset=&#8220;default&#8220; global_colors_info=&#8220;{}&#8220;]<\/p>\n<p><span>WDR2-Weltnachrichten<\/span><\/p>\n<p style=\"margin-bottom: 0.35cm;\"><span>&#8222;In M\u00f6nchengladbach ist seit einem halben Jahr ein so genanntes \u201ePflastermobil\u201c unterwegs. An Bord des mobilen Krankenzimmers k\u00fcmmern sich ehrenamtliche \u00c4rztinnen und \u00c4rzte um die medizinische Betreuung von Obdachlosen. Heute zieht das Pflastermobil Bilanz.&#8220;<\/span><\/p>\n<p>[\/et_pb_text][et_pb_divider color=&#8220;#8F8F8F&#8220; _builder_version=&#8220;4.19.4&#8243; _module_preset=&#8220;default&#8220; global_colors_info=&#8220;{}&#8220;][\/et_pb_divider][et_pb_text _builder_version=&#8220;4.19.4&#8243; _module_preset=&#8220;default&#8220; global_colors_info=&#8220;{}&#8220;]<\/p>\n<p><span>WDR5-Westblick<\/span><\/p>\n<p style=\"margin-bottom: 0.35cm;\"><span>&#8222;In M\u00f6nchengladbach ist seit einem halben Jahr ein so genanntes Pflastermobil unterwegs. An Bord des mobilen Krankenzimmers k\u00fcmmert sich medizinisches Personal ehrenamtlich um die Versorgung von Obdachlosen. Jetzt haben die Initiatoren \u2013 der M\u00f6nchengladbacher Rotary-Club und die Diakonie &#8211; bei einem Einsatz des mobilen Krankenzimmers Zwischenbilanz gezogen.&#8220;<\/span><\/p>\n<p>[\/et_pb_text][et_pb_divider color=&#8220;#8F8F8F&#8220; _builder_version=&#8220;4.19.4&#8243; _module_preset=&#8220;default&#8220; global_colors_info=&#8220;{}&#8220;][\/et_pb_divider][et_pb_text _builder_version=&#8220;4.19.4&#8243; _module_preset=&#8220;default&#8220; global_colors_info=&#8220;{}&#8220;]<\/p>\n<p style=\"margin-bottom: 0.35cm;\">Extra Tipp, 16. Juli 2023<span style=\"font-size: large;\"><\/span><\/p>\n<p style=\"margin-bottom: 0.35cm;\"><span style=\"font-size: x-large;\"><b>Viel Lob f\u00fcr das Pflastermobil<\/b><\/span><\/p>\n<p style=\"margin-bottom: 0.35cm;\"><a href=\"https:\/\/www.pflastermobil.de\/wp-content\/uploads\/2023\/07\/230716_CL_ExtraTipp_MG_Pflastermobil.pdf\">Download<\/a><\/p>\n<p>[\/et_pb_text][et_pb_divider color=&#8220;#8F8F8F&#8220; _builder_version=&#8220;4.19.4&#8243; _module_preset=&#8220;default&#8220; global_colors_info=&#8220;{}&#8220;][\/et_pb_divider][et_pb_text _builder_version=&#8220;4.19.4&#8243; _module_preset=&#8220;default&#8220; global_colors_info=&#8220;{}&#8220;]<\/p>\n<p style=\"margin-bottom: 0.35cm;\">Rheinische Post, 10. Juli 2023<span style=\"font-size: large;\"><\/span><\/p>\n<p style=\"margin-bottom: 0.35cm;\"><span style=\"font-size: x-large;\"><b>So hilft das Pflastermobil Obdachlosen<\/b><\/span><span style=\"font-size: x-large;\"><b><\/b><\/span><\/p>\n<p style=\"margin-bottom: 0.35cm;\"><a href=\"https:\/\/www.pflastermobil.de\/wp-content\/uploads\/2023\/07\/230710_CL_rheinische-post-monchengladbach-2023-07-1018.pdf\">Download<\/a><\/p>\n<p>[\/et_pb_text][et_pb_divider color=&#8220;#8F8F8F&#8220; _builder_version=&#8220;4.19.4&#8243; _module_preset=&#8220;default&#8220; global_colors_info=&#8220;{}&#8220;][\/et_pb_divider][et_pb_text _builder_version=&#8220;4.19.4&#8243; _module_preset=&#8220;default&#8220; global_colors_info=&#8220;{}&#8220;]<\/p>\n<p style=\"margin-bottom: 0.35cm;\">WDR, 08. Juli 2023<span style=\"font-size: large;\"><\/span><\/p>\n<p style=\"margin-bottom: 0.35cm;\"><span style=\"font-size: x-large;\"><b>M\u00f6nchengladbacher Pflastermobil: Medizinische Versorgung f\u00fcr Obdachlose<\/b><\/span><span style=\"font-size: x-large;\"><b><\/b><\/span><\/p>\n<p style=\"margin-bottom: 0.35cm;\"><a href=\"https:\/\/www1.wdr.de\/nachrichten\/rheinland\/moenchengladbach-pflastermobil-obdachlose-100.html\" target=\"_blank\" rel=\"noopener\">Link zur Seite<\/a><\/p>\n<p>[\/et_pb_text][et_pb_divider color=&#8220;#8F8F8F&#8220; _builder_version=&#8220;4.19.4&#8243; _module_preset=&#8220;default&#8220; global_colors_info=&#8220;{}&#8220;][\/et_pb_divider][et_pb_text _builder_version=&#8220;4.19.4&#8243; _module_preset=&#8220;default&#8220; global_colors_info=&#8220;{}&#8220;]<\/p>\n<p style=\"margin-bottom: 0.35cm;\">Extra Tipp, 12. Februar 2023<span style=\"font-size: large;\"><\/span><\/p>\n<p style=\"margin-bottom: 0.35cm;\"><span style=\"font-size: x-large;\"><b>Ein neues Pflastermobil versorgt jetzt Obdachlose<\/b><\/span><span style=\"font-size: x-large;\"><b><\/b><\/span><\/p>\n<p style=\"margin-bottom: 0.35cm;\"><a href=\"https:\/\/www.pflastermobil.de\/pressepdf\/230212_CL_ExtraTippMG_Pflastermobil.pdf\">Download<\/a><\/p>\n<p style=\"margin-bottom: 0.35cm; text-align: center;\"><span style=\"font-size: medium;\">**********<\/span><\/p>\n<p style=\"margin-bottom: 0.35cm;\">Rheinische Post, 6. Februar 2023<span style=\"font-size: large;\"><\/span><\/p>\n<p style=\"margin-bottom: 0.35cm;\"><span style=\"font-size: x-large;\"><b>Neues Pflastermobil versorgt Bed\u00fcrftige medizinisch<\/b><\/span><span style=\"font-size: x-large;\"><\/span><\/p>\n<p style=\"margin-bottom: 0.35cm;\"><a href=\"https:\/\/www.pflastermobil.de\/pressepdf\/230206_CL_RPMG_Pflastermobil.pdf\">Download<\/a><\/p>\n<p style=\"margin-bottom: 0.35cm; text-align: center;\"><span style=\"font-size: medium;\">**********<\/span><\/p>\n<p style=\"margin-bottom: 0.35cm;\">06. Februar 2023<\/p>\n<p style=\"margin-bottom: 0.35cm;\"><span style=\"font-size: large;\">radio901.de<br \/>\/artikel\/pflastermobil-gibt-obdachlosen-medizinische-hilfe-1558771.html<\/span><\/p>\n<p style=\"margin-bottom: 0.35cm;\"><span style=\"font-size: x-large;\"><b>Pflastermobil gibt Obdachlosen medizinische Hilfe<\/b><\/span><\/p>\n<p style=\"margin-bottom: 0.35cm;\"><span style=\"font-size: medium;\">Wohnungslose in M\u00f6nchengladbach bekommen jetzt einfacher \u00e4rztliche Hilfe. Der RotaryClub und die Diakonie M\u00f6nchengladbach haben das sogenannte Pflastermobil ins Lebengerufen. <\/span><\/p>\n<p style=\"margin-bottom: 0.35cm;\"><span style=\"font-size: medium;\">Ein Mobil, dass Obdachlosen die M\u00f6glichkeit gibt schnell und einfach an medizinischeHilfen zu kommen. Jeden zweiten Samstag soll das Pflastermobil den rund 500Obdachlosen in M\u00f6nchengladbach die M\u00f6glichkeit geben einfacher und ohne gro\u00dfenAufwand medizinisch versorgt zu werden. Das Mobil ist ein medizinisch ausgestatteterAnh\u00e4nger, in dem pro Einsatz jeweils eine \u00c4rztin und ein Krankenpfleger vor Ort sind.<br \/>Damit das Projekt umgesetzt werden konnte, hat der Rotary Club 30.000 Eurogespendet und die notwendige Infrastruktur an \u00c4rzten und Krankenpfleger geschaffen.Aktuell steht das Pflastermobil jeden zweiten Samstag vor dem Cafe Pflaster, ab M\u00e4rzsoll es dann ausgew\u00e4hlte Brennpunkten in der gesamten Stadt anfahren, damit nochmehr Wohnungslose erreicht werden k\u00f6nnen.<\/span><\/p>\n<p>[\/et_pb_text][\/et_pb_column][\/et_pb_row][et_pb_row _builder_version=&#8220;4.19.4&#8243; _module_preset=&#8220;default&#8220; global_colors_info=&#8220;{}&#8220;][et_pb_column type=&#8220;4_4&#8243; _builder_version=&#8220;4.19.4&#8243; _module_preset=&#8220;default&#8220; global_colors_info=&#8220;{}&#8220;][\/et_pb_column][\/et_pb_row][et_pb_row _builder_version=&#8220;4.19.4&#8243; _module_preset=&#8220;default&#8220; custom_padding=&#8220;14px|||||&#8220; locked=&#8220;off&#8220; global_colors_info=&#8220;{}&#8220;][et_pb_column type=&#8220;4_4&#8243; _builder_version=&#8220;4.19.4&#8243; _module_preset=&#8220;default&#8220; global_colors_info=&#8220;{}&#8220;][et_pb_text _builder_version=&#8220;4.19.4&#8243; _module_preset=&#8220;default&#8220; global_colors_info=&#8220;{}&#8220;]<\/p>\n<p style=\"margin-bottom: 0.35cm;\">04. Februar 2023<\/p>\n<p style=\"margin-bottom: 0.35cm;\">\n<p style=\"margin-bottom: 0.35cm;\"><span style=\"font-size: large;\"><u><b>\u00c4rtzliche Hilfe f\u00fcr Obdachlose in M\u00f6nchengladbach<\/b><\/u><\/span><\/p>\n<p style=\"margin-bottom: 0.35cm;\"><span style=\"font-size: x-large;\"><b>Rotary-Club MG schickt <\/b><\/span><span style=\"font-size: x-large;\"><i><b>Pflastermobil<\/b><\/i><\/span><span style=\"font-size: x-large;\"><b> an Brennpunkte <br \/>in unserer Stadt<\/b><\/span><\/p>\n<p style=\"margin-bottom: 0.35cm;\">\n<p style=\"margin-bottom: 0.35cm;\"><span style=\"font-size: medium;\"><b>M\u00f6nchengladbach <\/b><\/span><span style=\"font-size: medium;\">\u2013 Nach intensiven Vorbereitungen und ersten Probeeins\u00e4tzen in den vergangenen Monaten startet der Rotary Club M\u00f6nchengladbach sein Projekt <\/span><span style=\"font-size: medium;\"><i>Pflastermobil.<\/i><\/span><span style=\"font-size: medium;\"> Mit dem Plastermobil wird den Obdachlosen in der Stadt erstmals die M\u00f6glichkeit gegeben, unkompliziert medizinische Hilfe in Anspruch zu nehmen. Das mobile Krankenzimmer wird zuk\u00fcnfitg alle 14 Tage zu ausgew\u00e4hlten Brennpunkten in der Stadt unterwegs sein, um Obdachlosen, die von sich aus nicht in Arztpraxen oder in Einrichtungen wie das Caf\u00e9 Pflaster gehen, vor Ort eine medizinische Grundversorgung (z. B. Wundversorgung o. \u00e4.) anzubieten. Bei jedem Einsatz ist das Pflastermobil ist mit einem ehrenamtlich t\u00e4tigen Team bestehend aus einer \u00c4rztin bzw. einem Arzt und einem Krankenpfleger bzw. einer Krankenpflegerin besetzt. <\/span><\/p>\n<p style=\"margin-bottom: 0.35cm;\"><span style=\"font-size: medium;\"><b>Gro\u00dfer Bedarf auch in unserer Stadt<br \/><\/b><\/span><span style=\"font-size: medium;\">Wohnungslose Menschen sind aufgrund ihrer Lebensbedingungen in besonderer Weise gesundheitlichen Risiken ausgesetzt. Es fehlt ihnen oft an Krankheitsbewusstsein, zudem sehen sie sich hohen Zugangsbarrieren gegen\u00fcber, welche eine medizinische Versorgung im Regelsystem h\u00e4ufig verhindern. In M\u00f6nchengladbach sind mindestens 500 Menschen auf niederschwellige Hilfeangebote angewiesen. <\/span><\/p>\n<p style=\"margin-bottom: 0.35cm;\"><span style=\"font-size: medium;\"><b>Unterst\u00fctzung von verschiedenen Seiten<br \/><\/b><\/span><span style=\"font-size: medium;\">Zur Umsetzung hat der Rotary-Club M\u00f6nchengladbach nicht nur Spenden in H\u00f6he von \u00fcber 30.000 \u20ac gesammelt, sondern auch f\u00fcr die notwendige Infrastruktur gesorgt: In vielf\u00e4ltigen Gespr\u00e4chen konnten knapp 30 \u00c4rztinnen und \u00c4rzte und sogar etwa 40 Krankenpfleger\/innen f\u00fcr das Projekt gewonnen werden, welche sich die mobilen Dienste im Pflastermobil aufteilen. Der f\u00fcr diesen Zweck gro\u00dfz\u00fcgig ausgestattete Wagen wird zun\u00e4chst vom Malteser-Hilfsdienst in Willich zur Verf\u00fcgung gestellt, sp\u00e4ter soll ein eigenes Fahrzeug angeschafft werden. Die Einsatzorte werden in Abstimmung mit der M\u00f6nchengladbacher Diakonie, die unser Kooperationspartner ist, und deren Streetworkern abgestimmt. Die mobile Einheit wird von weiteren Mitgliedern des Rotary-Clubs als Fahrer unterst\u00fctzt.<\/span><\/p>\n<p style=\"margin-bottom: 0.35cm;\"><span style=\"font-size: medium;\">Derartige Arztmobile mit ehrenamtlich t\u00e4tigen \u00c4rzten gibt es bereits in einigen anderen St\u00e4dten wie Mainz und Hamburg, nicht jedoch in M\u00f6nchengladbach. \u201eWir freuen uns sehr, hier einen aktiven Beitrag f\u00fcr solche Menschen zu leisten, die am Rande unserer Gesellschaft leben und durch unser Gesundheitssystem nicht hinreichend erfasst werden.\u201c sagt Michael Klein, der amtierenden Pr\u00e4sident des Rotary-Clubs, der das Projekt intiiert hat. Frau Dr. Val\u00e9rie Stephan, die \u00e4rztliche Leiterin des Projektes, f\u00fcgt hinzu: \u201eWir erg\u00e4nzen die bereits vorhandenen Hilfsstrukturen um einen medizinischen Bereich, der enorm wichtig ist f\u00fcr die wohnungslosen Menschen.\u201c <\/span><\/p>\n<p style=\"margin-right: 1cm; margin-bottom: 0.35cm; line-height: 0.64cm;\" align=\"center\"><span style=\"font-size: medium;\">**********<\/span><\/p>\n<p style=\"margin-right: 1cm; margin-bottom: 0.35cm; line-height: 0.64cm;\" align=\"justify\"><span style=\"font-size: medium;\">Der Rotary Club M\u00f6nchengladbach ist der \u00e4lteste von insgesamt drei Rotary Clubs in M\u00f6nchengladbach. Die ca. 70 Mitglieder sind vielf\u00e4ltig sozial engagiert und setzen in jedem Jahr verschiedene Sozialprojekte um.<\/span><\/p>\n<p style=\"margin-right: 1cm; margin-bottom: 0.35cm; line-height: 0.64cm;\" align=\"justify\"><span style=\"font-size: medium;\">Kontakt: Rotary Club M\u00f6nchengladbach &#8211; Harald Vergossen, Schm\u00f6lderstra\u00dfe 200, 41239 M\u00f6nchengladbach, E-Mail: <\/span><span style=\"color: #0000ff;\"><u><a href=\"mailto:Harald.Vergossen@hs-niederrhein.de\"><span style=\"font-size: medium;\">Harald.Vergossen@hs-niederrhein.de<\/span><\/a><\/u><\/span><span style=\"font-size: medium;\">, Telefon: 0179\/10 39 276<\/span><\/p>\n<p style=\"margin-bottom: 0.35cm;\">\n<p>[\/et_pb_text][\/et_pb_column][\/et_pb_row][et_pb_row _builder_version=&#8220;4.27.0&#8243; _module_preset=&#8220;default&#8220; global_colors_info=&#8220;{}&#8220;][et_pb_column type=&#8220;4_4&#8243; _builder_version=&#8220;4.27.0&#8243; _module_preset=&#8220;default&#8220; global_colors_info=&#8220;{}&#8220;][et_pb_blurb title=&#8220;Ihr Titel&#8220; image=&#8220;data:image\/svg+xml;base64,PHN2ZyB3aWR0aD0iMTA4MCIgaGVpZ2h0PSI1NDAiIHZpZXdCb3g9IjAgMCAxMDgwIDU0MCIgeG1sbnM9Imh0dHA6Ly93d3cudzMub3JnLzIwMDAvc3ZnIj4KICAgIDxnIGZpbGw9Im5vbmUiIGZpbGwtcnVsZT0iZXZlbm9kZCI+CiAgICAgICAgPHBhdGggZmlsbD0iI0VCRUJFQiIgZD0iTTAgMGgxMDgwdjU0MEgweiIvPgogICAgICAgIDxwYXRoIGQ9Ik00NDUuNjQ5IDU0MGgtOTguOTk1TDE0NC42NDkgMzM3Ljk5NSAwIDQ4Mi42NDR2LTk4Ljk5NWwxMTYuMzY1LTExNi4zNjVjMTUuNjItMTUuNjIgNDAuOTQ3LTE1LjYyIDU2LjU2OCAwTDQ0NS42NSA1NDB6IiBmaWxsLW9wYWNpdHk9Ii4xIiBmaWxsPSIjMDAwIiBmaWxsLXJ1bGU9Im5vbnplcm8iLz4KICAgICAgICA8Y2lyY2xlIGZpbGwtb3BhY2l0eT0iLjA1IiBmaWxsPSIjMDAwIiBjeD0iMzMxIiBjeT0iMTQ4IiByPSI3MCIvPgogICAgICAgIDxwYXRoIGQ9Ik0xMDgwIDM3OXYxMTMuMTM3TDcyOC4xNjIgMTQwLjMgMzI4LjQ2MiA1NDBIMjE1LjMyNEw2OTkuODc4IDU1LjQ0NmMxNS42Mi0xNS42MiA0MC45NDgtMTUuNjIgNTYuNTY4IDBMMTA4MCAzNzl6IiBmaWxsLW9wYWNpdHk9Ii4yIiBmaWxsPSIjMDAwIiBmaWxsLXJ1bGU9Im5vbnplcm8iLz4KICAgIDwvZz4KPC9zdmc+Cg==&#8220; _builder_version=&#8220;4.27.0&#8243; _module_preset=&#8220;default&#8220; global_colors_info=&#8220;{}&#8220;]<\/p>\n<p>Your content goes here. Edit or remove this text inline or in the module Content settings. You can also style every aspect of this content in the module Design settings and even apply custom CSS to this text in the module Advanced settings.<\/p>\n<p>[\/et_pb_blurb][\/et_pb_column][\/et_pb_row][\/et_pb_section][et_pb_section fb_built=&#8220;1&#8243; _builder_version=&#8220;4.19.4&#8243; _module_preset=&#8220;default&#8220; global_colors_info=&#8220;{}&#8220;][et_pb_row _builder_version=&#8220;4.19.4&#8243; _module_preset=&#8220;default&#8220; global_colors_info=&#8220;{}&#8220;][et_pb_column type=&#8220;4_4&#8243; _builder_version=&#8220;4.19.4&#8243; _module_preset=&#8220;default&#8220; global_colors_info=&#8220;{}&#8220;][et_pb_image src=&#8220;https:\/\/www.pflastermobil.de\/wp-content\/uploads\/2023\/02\/Foto-Arztmobil1.jpg&#8220; title_text=&#8220;Sozialprojekt Rotary Club M\u00f6nchengladbach&#8220; _builder_version=&#8220;4.19.4&#8243; _module_preset=&#8220;default&#8220; global_colors_info=&#8220;{}&#8220;][\/et_pb_image][\/et_pb_column][\/et_pb_row][\/et_pb_section][et_pb_section fb_built=&#8220;1&#8243; _builder_version=&#8220;4.19.4&#8243; _module_preset=&#8220;default&#8220; top_divider_style=&#8220;waves2&#8243; top_divider_color=&#8220;#E09900&#8243; top_divider_height=&#8220;47px&#8220; bottom_divider_style=&#8220;waves&#8220; bottom_divider_color=&#8220;#E09900&#8243; bottom_divider_height=&#8220;59px&#8220; global_colors_info=&#8220;{}&#8220;][et_pb_row _builder_version=&#8220;4.19.4&#8243; _module_preset=&#8220;default&#8220; custom_padding=&#8220;31px|||||&#8220; global_colors_info=&#8220;{}&#8220;][et_pb_column type=&#8220;4_4&#8243; _builder_version=&#8220;4.19.4&#8243; _module_preset=&#8220;default&#8220; global_colors_info=&#8220;{}&#8220;][et_pb_text _builder_version=&#8220;4.19.4&#8243; _module_preset=&#8220;default&#8220; global_colors_info=&#8220;{}&#8220;]<\/p>\n<p style=\"margin-bottom: 0cm;\" align=\"LEFT\"><b><br \/>Impressum<\/b><\/p>\n<p style=\"margin-bottom: 0cm;\" align=\"LEFT\"><strong>Rotary Club M\u00f6nchengladbach<\/strong><br \/>vertreten durch die amtierende Pr\u00e4sidentin \/ den amtierenden Pr\u00e4sidenten<br \/><span>Holger Steup<\/span><br \/><span>Sch\u00fcrenweg 64, 41063 M\u00f6nchengladbach<\/span><br \/>Tel. 02166\/32186<br \/>Ansprechpartner: Michael Klein<br \/>E-Mail: rotary@klein.fm<\/p>\n<p style=\"margin-bottom: 0cm;\" align=\"LEFT\">Gesch\u00fctzte Bereich: <a href=\"https:\/\/www.pflastermobil.de\/pflastermobil\/\" target=\"_blank\" rel=\"noopener\" title=\"Pflastermobil\">Intern<\/a><\/p>\n<p>[\/et_pb_text][\/et_pb_column][\/et_pb_row][\/et_pb_section]<\/p>\n","protected":false},"excerpt":{"rendered":"<p>Meldung in der Rheinischen Post &#8211; 27.07.2025 DownloadMeldung in der Rheinischen Post &#8211; 6.12.2023 DownloadWDR 5 Westblick | 18.07.2023\u00a0WDR2-Weltnachrichten &#8222;In M\u00f6nchengladbach ist seit einem halben Jahr ein so genanntes \u201ePflastermobil\u201c unterwegs. An Bord des mobilen Krankenzimmers k\u00fcmmern sich ehrenamtliche \u00c4rztinnen und \u00c4rzte um die medizinische Betreuung von Obdachlosen. Heute zieht das Pflastermobil Bilanz.&#8220;WDR5-Westblick &#8222;In M\u00f6nchengladbach [&hellip;]<\/p>\n","protected":false},"author":2,"featured_media":0,"parent":0,"menu_order":0,"comment_status":"closed","ping_status":"closed","template":"","meta":{"_et_pb_use_builder":"on","_et_pb_old_content":"","_et_gb_content_width":"","footnotes":""},"class_list":["post-162","page","type-page","status-publish","hentry"],"_links":{"self":[{"href":"https:\/\/www.pflastermobil.de\/index.php?rest_route=\/wp\/v2\/pages\/162","targetHints":{"allow":["GET"]}}],"collection":[{"href":"https:\/\/www.pflastermobil.de\/index.php?rest_route=\/wp\/v2\/pages"}],"about":[{"href":"https:\/\/www.pflastermobil.de\/index.php?rest_route=\/wp\/v2\/types\/page"}],"author":[{"embeddable":true,"href":"https:\/\/www.pflastermobil.de\/index.php?rest_route=\/wp\/v2\/users\/2"}],"replies":[{"embeddable":true,"href":"https:\/\/www.pflastermobil.de\/index.php?rest_route=%2Fwp%2Fv2%2Fcomments&post=162"}],"version-history":[{"count":18,"href":"https:\/\/www.pflastermobil.de\/index.php?rest_route=\/wp\/v2\/pages\/162\/revisions"}],"predecessor-version":[{"id":391,"href":"https:\/\/www.pflastermobil.de\/index.php?rest_route=\/wp\/v2\/pages\/162\/revisions\/391"}],"wp:attachment":[{"href":"https:\/\/www.pflastermobil.de\/index.php?rest_route=%2Fwp%2Fv2%2Fmedia&parent=162"}],"curies":[{"name":"wp","href":"https:\/\/api.w.org\/{rel}","templated":true}]}}